?
2
Let z(u) be the second derivative of 5*u**4/12 - u**2/2 + 486*u + 2. Give z(1).
4
Let g(m) be the second derivative of -m**3/6 + 3*m**2/2 - 2*m. Suppose -38*z = 12084 - 4484. Let s be (-4)/(-22) - 3*z/88. Determine g(s).
-4
Let o(l) = l**2 - 6*l - 3. Let t be o(7). Let u(b) = -8*b - 21. Let g be u(-3). Let d(m) = -9 + g + 5 + m + t. Calculate d(-6).
-3
Let r(f) be the third derivative of -f**6/120 - 9*f**5/20 - 31*f**4/8 - 5*f**3 - 4*f**2 - 388. Calculate r(-23).
-7
Let d = 9 - 4. Suppose -p = -3*o - 4 - 2, 24 = 4*p - 2*o. Let r(j) = j**2 + 544 - 179 - 184 - p*j - 178. Give r(d).
-2
Let p(n) be the third derivative of -n**5/15 + n**4/24 + 41*n**2 + 3*n + 47. Let m = 3 + -1. Give p(m).
-14
Let y(t) = -6*t**2 + 2*t + 1. Let o(g) = 23*g**2 + 984*g - 217. Let c be o(-43). Determine y(c).
-27
Let c(u) = -6*u - 15. Suppose 9 = -3*z - a, 7*z + 29 = 2*z - 4*a. Determine c(z).
-9
Let y(z) = -z**2 + 9*z - 6. Let c(j) = -36*j + 3210. Let s be c(89). Give y(s).
12
Let b = 11892 + -11902. Let g(c) = c**3 + 11*c**2 + 12*c + 18. Calculate g(b).
-2
Let i(j) = -2*j**3 + 2*j**2 - 2*j - 1. Let s = 338 - 334. Suppose 5*o - 1 + 25 = -2*w, -4*w + s = -3*o. Determine i(w).
27
Let u(q) = -3*q**3 - 55*q**2 - 13*q + 70. Let b be u(-18). Let y(i) = i**2 + 20*i - 13. What is y(b)?
-13
Let q(p) = -2*p + 1. Let z(d) = -d + 1. Let j(y) = -3*q(y) + 4*z(y). Suppose 287*u - 40*u + 18*u + 795 = 0. Calculate j(u).
-5
Let a(j) = 5*j**3 - 2*j**2 + 1. Suppose 0 = -3*l + 81 - 9. Let m = -21 + l. Suppose -5 = -m*u - 8. Calculate a(u).
-6
Let k(d) be the first derivative of -d**4/6 - d**3/3 - d**2 - 80*d + 15. Let l(t) be the first derivative of k(t). What is l(-2)?
-6
Let c(q) = -3*q**2 - 4*q - 2. Let u(l) = l**2 - 1. Let x(s) = s - 2. Let d be x(11). Let f = 11 - d. Let a(z) = f*u(z) + c(z). What is a(-6)?
-16
Suppose -5*j + 30 = 0, 5*h - 5*j - 186 + 181 = 0. Let b(v) = v**2 - 12*v + 41. Determine b(h).
6
Let f(z) = z + 11 + 4*z - 4*z. Suppose -14*h + 17*h = 5*i + 60, -9*h + 108 = -3*i. Determine f(i).
5
Let p(o) = -16*o**2 + 75*o**2 - 23*o**2 - 17*o**2 - 18*o**2 + 17*o - 34. Give p(2).
4
Let n(i) be the second derivative of i**4/12 + i**3/6 - 3*i**2/2 - 60*i - 4. Let z = -13 - -25. Let v be ((-4)/z)/((-1)/(-9)). Give n(v).
3
Suppose 0 = 22*d + 551 + 329. Let r = d - -40. Let o(k) = -5*k - 2. Let z(x) = 4*x + 2. Let v(u) = 5*o(u) + 6*z(u). What is v(r)?
2
Let v be 2 + 64/11 + 20/110. Let s(k) = -2*k - 3*k - v*k**2 + 4*k**2 + 5*k**2. Let z = 11 - 5. Give s(z).
6
Let q = 308 - 310. Let x be q/(-6)*(-8 + 2 + 9). Let c(i) = 11*i**3 + 2*i**2 - i. What is c(x)?
12
Let x(z) = 5*z**2 - z + 1. Suppose 0*y = 3*y - 3. Let f be x(y). Let p(d) = 116 - 39 + d - 34 - 39 + d. What is p(f)?
14
Let f(r) = 6*r**2 - 3*r - 5. Let l be f(-1). Suppose 109 - 157 = l*s. Let z(y) = -y + 2. Determine z(s).
14
Let m(w) = -w + 4. Suppose -10 = k - z, -8 + 1 = 4*k + 7*z. Give m(k).
11
Let f be (-3)/(-9)*(1 + -4). Let h(t) be the third derivative of t**4/6 + 2*t**3/3 + 3*t**2. Let k(x) = 1. Let q(m) = -h(m) + 5*k(m). Give q(f).
5
Suppose -1216*c + 1223*c = 315. Let h(g) = -9 - 62*g - c*g + 108*g - 1 - 3. Calculate h(18).
5
Let o(v) = -11*v + 101. Let w(j) = 59*j - 109. Let z be w(2). Give o(z).
2
Let l(k) = -2*k - 8. Let w = 592 + -602. Calculate l(w).
12
Let m(j) = -7*j**2 + j + 1. Let g(i) = i**3 + 5*i**2 - 22*i - 16. Let p(v) = -g(v) - 2*m(v). What is p(11)?
-8
Let f(y) = -y**3 + y**2 - 12*y - 13. Suppose -9 = 3*n, -w = -5*w - 3*n - 13. Let d be f(w). Let t(c) = -8*c**3 - c**2 + c - 1. Determine t(d).
-9
Let l(p) be the first derivative of p**4/4 - p**2/2 - 4*p + 179. Give l(3).
20
Let g(h) = -h**3 + 17*h**2 + 18*h + 16. Suppose -131*v = -53*v - 57*v - 378. Determine g(v).
16
Let i(m) be the second derivative of 13*m**3/6 + 9*m**2/2 - 36*m. Calculate i(7).
100
Let s(l) = -158*l + 154*l + l**2 + 3 - 5. Let z(a) = -2*a - 13. Let k be z(-13). Let y = -8 + k. What is s(y)?
3
Let a(h) = h**2 + 25*h - 1. Let t(z) = -2*z**2 - 43*z + 3. Let p(i) = 5*a(i) + 3*t(i). Let b(s) = -s. Let l be b(-4). Suppose l*x = -23 - 1. What is p(x)?
-8
Let k(t) = -44*t + 3. Let r(o) = -o**3 - 20*o**2 + 20*o - 26. Let u be r(-21). Let f(n) = 65*n - 4. Let a(x) = u*f(x) - 7*k(x). Let i = -1 + 0. Give a(i).
16
Let p(i) = 26*i - 74*i + 20*i**2 + 11*i**2 - 4*i**2 - i**2 - i**3 - 6. Calculate p(24).
-6
Let d(x) = 3*x - 3 + 4*x - 11*x. Let i(q) = 3*q + 2. Let v = -65 - -61. Let l(h) = v*d(h) - 5*i(h). Determine l(-8).
-6
Suppose 205*m + 30 = 207*m. Let d(i) = i**3 - 17*i**2 + 28*i + 31. What is d(m)?
1
Let i(o) = -9*o + 1. Let s(w) = w**2 - 61*w + 27. Let b(l) = -5*i(l) + s(l). Calculate b(15).
7
Let f(j) be the first derivative of -21*j**4/4 - j**3/3 + j**2 + 2*j - 963. What is f(-1)?
20
Let y = -69 + 71. Let s be (-95)/(-19) + (-1 - y). Let d(l) = -43*l**2 + l + 17*l**2 + 27*l**s - 4. Calculate d(-3).
2
Let c(f) = -2*f + 3*f + 10 - 7 - 2. Let k(n) = 9*n - 4 - 8*n - 13*n**2 - n**3 - 13*n. Let s be k(-12). Calculate c(s).
-3
Let r(z) be the first derivative of -z**4/4 - 5*z**3/3 + 3*z**2 + 7*z + 216. Let q be r(-6). Let v(s) = s**3 - 7*s**2 + 14. Give v(q).
14
Let a(n) be the second derivative of -n**3 + 75*n**2/2 - 573*n. Calculate a(13).
-3
Let p(h) be the third derivative of -h**5/60 + h**4/4 + 5*h**3/6 + h**2. Let i = 191037 + -191030. What is p(i)?
-2
Suppose 0 = 4*n - 65 + 1113. Let s = n + 267. Let i(q) = q**3 - 6*q**2 + 6*q + 1. What is i(s)?
6
Let k(s) = s**2 - 10*s - 15. Let d(o) = o - 14. Let u be d(9). Let w(v) = 10 + 13420*v**2 - 13419*v**2 + 5*v + 1. Let y be w(u). Calculate k(y).
-4
Let n(q) be the first derivative of -q**2/2 - 10*q + 2. Suppose 4*j = -3*w + 28, 5*w = 1800*j - 1803*j + 21. What is n(w)?
-10
Let r(k) = k**3 - 14*k**2 - 17*k + 5. Let d = 20344 + -20329. Give r(d).
-25
Let l(u) = 13*u - 8. Let v(p) = -7*p + 4. Let c be 3 - -9 - (-5)/(-1). Let a(k) = c*v(k) + 4*l(k). Calculate a(-4).
-16
Let x(h) = 146 - 296 - 2*h + 154 + h. Suppose -2*c = 3*c - 20. Calculate x(c).
0
Let p(n) = 5*n**3 - 117*n**2 - 33*n - 22. Let o(l) = -9*l**3 + 210*l**2 + 65*l + 41. Let g(i) = 6*o(i) + 11*p(i). Determine g(26).
30
Let d be (-144)/(-21) - ((-72)/(-28))/3. Let c be 1 + (-5 + 11)/d. Let k(n) = 7*n - 5. Let v(z) = 6*z - 4. Let u(r) = 5*k(r) - 6*v(r). Calculate u(c).
-3
Let m(c) = -c - 1. Let f(h) = -h - 4. Let j be (-133)/(-42) - (-25)/30. Let l(b) = j*f(b) - 5*m(b). Give l(19).
8
Let j(u) be the second derivative of u**4/12 - 3*u**2 - 6*u. Suppose 5*k - 37 = 13. Suppose -7*p = -5*p - 10, z + 2*p = k. Determine j(z).
-6
Let c(d) be the first derivative of -5*d**4/4 + d**3/3 + 1. Let k = 42548 + -42547. Determine c(k).
-4
Suppose -l - 4*c + 88 = 0, 0*c = 4*l - 4*c - 352. Let m be 1 - 3/6*-2. Let j(n) = -m*n - 46 - 36 + l. Calculate j(5).
-4
Let l(i) be the first derivative of i**3/3 - 3*i**2 - 15*i - 1608. Determine l(7).
-8
Let j(r) = 2*r**2 - 2*r - 6. Let q(h) = 29*h - 5. Let u be q(1). Suppose u*a = 26*a - 6. Give j(a).
6
Suppose 24 = -10*p + 374. Let w be (-1 - 0)/(((-35)/(-7))/p). Let s(i) = i**2 + 8*i + 4. What is s(w)?
-3
Suppose 0 = -309*n + 1331 + 9484. Let m(o) = o**3 - 35*o**2 + 40. Give m(n).
40
Suppose 3*f = -2*i - 58, -114 = 5*f - 103*i + 102*i. Let v(l) = 5*l + 88. Give v(f).
-22
Suppose -1 = m - 30. Let a = 23 - m. Let y(s) = -s + 1. Let h(f) = -2*f + 1. Let b(w) = -2*h(w) + 3*y(w). What is b(a)?
-5
Let k(b) = -8*b - 3. Let s = 81 - 49. Suppose -s*u + 68 = -30*u. Let h = 37 - u. Determine k(h).
-27
Let t(j) be the third derivative of j**5/60 - j**4/6 + 2*j**3/3 - 10340*j**2 + j. Let c be (9/(-6))/(2/(-4)). Give t(c).
1
Let i(a) be the second derivative of 1/2*a**2 + 0 - 1/6*a**3 - 53*a. Determine i(-11).
12
Let j(z) = -24*z**2 + 3*z + 2. Suppose -4*q + 1463 = 1467. Determine j(q).
-25
Let t(n) be the second derivative of -n**5/60 + n**4/4 + 2*n**3/3 + 303*n**2/2 + 78*n. Let g(k) be the first derivative of t(k). What is g(6)?
4
Let f = -10 - -11. Let y be -1*(-2 + f) - (44 - 5). Let r = y - -46. Let i(w) = -w**2 + 6*w + 10. Determine i(r).
-6
Suppose 3*h = h - 8, 3*h + 16 = -a. Let l be a - -4*21/28. Let s(f) = f**3 + 2*f**2 + f + 1. Determine s(l).
1
Let b(v) = -3*v + 2. Let q(p) = -68*p + 38*p + 10 + 24*p. Let s(w) = -w**2 + 9*w + 2. Let n be s(9). Let y be q(n). Calculate b(y).
8
Suppose -4*b + 3*f = 2, 4*b = 